{"id":1523,"date":"2025-01-08T13:38:44","date_gmt":"2025-01-08T12:38:44","guid":{"rendered":"https:\/\/credobus.hu\/shop\/?post_type=product&#038;p=1523"},"modified":"2026-03-14T18:20:19","modified_gmt":"2026-03-14T17:20:19","slug":"bogre-electronell","status":"publish","type":"product","link":"https:\/\/credobus.hu\/shop\/termek\/bogre-electronell\/","title":{"rendered":"B\u00f6gre Electronell"},"content":{"rendered":"","protected":false},"excerpt":{"rendered":"<p>3 dl \u0171rtartalm\u00fa, mosogat\u00f3g\u00e9pben is tiszt\u00edthat\u00f3 b\u00f6gre, egyedi Electronell grafik\u00e1val<\/p>\n","protected":false},"featured_media":1594,"template":"","meta":[],"product_brand":[],"product_cat":[35],"product_tag":[],"class_list":{"0":"post-1523","1":"product","2":"type-product","3":"status-publish","4":"has-post-thumbnail","6":"product_cat-kiegeszitok","8":"first","9":"instock","10":"featured","11":"sold-individually","12":"taxable","13":"shipping-taxable","14":"purchasable","15":"product-type-simple"},"_links":{"self":[{"href":"https:\/\/credobus.hu\/shop\/wp-json\/wp\/v2\/product\/1523","targetHints":{"allow":["GET"]}}],"collection":[{"href":"https:\/\/credobus.hu\/shop\/wp-json\/wp\/v2\/product"}],"about":[{"href":"https:\/\/credobus.hu\/shop\/wp-json\/wp\/v2\/types\/product"}],"wp:featuredmedia":[{"embeddable":true,"href":"https:\/\/credobus.hu\/shop\/wp-json\/wp\/v2\/media\/1594"}],"wp:attachment":[{"href":"https:\/\/credobus.hu\/shop\/wp-json\/wp\/v2\/media?parent=1523"}],"wp:term":[{"taxonomy":"product_brand","embeddable":true,"href":"https:\/\/credobus.hu\/shop\/wp-json\/wp\/v2\/product_brand?post=1523"},{"taxonomy":"product_cat","embeddable":true,"href":"https:\/\/credobus.hu\/shop\/wp-json\/wp\/v2\/product_cat?post=1523"},{"taxonomy":"product_tag","embeddable":true,"href":"https:\/\/credobus.hu\/shop\/wp-json\/wp\/v2\/product_tag?post=1523"}],"curies":[{"name":"wp","href":"https:\/\/api.w.org\/{rel}","templated":true}]}}