{"id":427,"date":"2019-01-02T15:15:33","date_gmt":"2019-01-02T14:15:33","guid":{"rendered":"https:\/\/credobus.hu\/shop\/?post_type=product&#038;p=427"},"modified":"2026-04-05T21:36:25","modified_gmt":"2026-04-05T19:36:25","slug":"powerbank","status":"publish","type":"product","link":"https:\/\/credobus.hu\/shop\/termek\/powerbank\/","title":{"rendered":"Powerbank"},"content":{"rendered":"","protected":false},"excerpt":{"rendered":"<div class=\"product-data__description\">Alum\u00ednium bor\u00edt\u00e1s\u00fa USB powerbank 2200 mAh-\u00e1s akkumul\u00e1torral, micro USB t\u00f6lt\u0151k\u00e1bellel.<\/div>\n","protected":false},"featured_media":428,"template":"","meta":[],"product_brand":[],"product_cat":[68],"product_tag":[],"class_list":{"0":"post-427","1":"product","2":"type-product","3":"status-publish","4":"has-post-thumbnail","6":"product_cat-elektronika","8":"first","9":"instock","10":"featured","11":"taxable","12":"shipping-taxable","13":"purchasable","14":"product-type-simple"},"_links":{"self":[{"href":"https:\/\/credobus.hu\/shop\/wp-json\/wp\/v2\/product\/427","targetHints":{"allow":["GET"]}}],"collection":[{"href":"https:\/\/credobus.hu\/shop\/wp-json\/wp\/v2\/product"}],"about":[{"href":"https:\/\/credobus.hu\/shop\/wp-json\/wp\/v2\/types\/product"}],"wp:featuredmedia":[{"embeddable":true,"href":"https:\/\/credobus.hu\/shop\/wp-json\/wp\/v2\/media\/428"}],"wp:attachment":[{"href":"https:\/\/credobus.hu\/shop\/wp-json\/wp\/v2\/media?parent=427"}],"wp:term":[{"taxonomy":"product_brand","embeddable":true,"href":"https:\/\/credobus.hu\/shop\/wp-json\/wp\/v2\/product_brand?post=427"},{"taxonomy":"product_cat","embeddable":true,"href":"https:\/\/credobus.hu\/shop\/wp-json\/wp\/v2\/product_cat?post=427"},{"taxonomy":"product_tag","embeddable":true,"href":"https:\/\/credobus.hu\/shop\/wp-json\/wp\/v2\/product_tag?post=427"}],"curies":[{"name":"wp","href":"https:\/\/api.w.org\/{rel}","templated":true}]}}